x(1). What is the greatest common divisor of b and g?
23
Suppose 0 = -3*i + 284 - 14. Let b be (0 + -2)*1 + 3. Let k be (b + -31)/((-30)/20). Calculate the highest common divisor of k and i.
10
Let n(c) = 3*c**3 - 2*c**2 - 11*c + 5. Let t be n(5). Let v = t + -135. What is the highest common divisor of v and 60?
20
Let i(t) be the second derivative of -t**4/12 + 8*t**3/3 + 171*t**2/2 + 27*t + 2. Let y be i(23). Calculate the greatest common divisor of 810 and y.
10
Suppose -651*x = -626*x - 8800. Calculate the greatest common factor of x and 209.
11
Let y be (-2)/(0 - (-4)/(-50)). Let v(l) = 2*l**3 - 40*l**2 + 75*l + 21. Let a = 429 + -411. Let c be v(a). What is the highest common factor of y and c?
25
Suppose 3*m + 2*m - 2988 = -2*k, -8*m - 4*k = -4776. What is the greatest common factor of 456 and m?
24
Suppose 0 = -11*y - 15*y + 10790. Let s = 455 - y. What is the greatest common factor of s and 130?
10
Let y(g) = -138*g + 7. Let i be y(-2). Let r = i + -231. What is the greatest common divisor of 65 and r?
13
Let h(f) = f**3 + 6*f**2 - 222*f - 145. Let c be h(17). What is the highest common factor of 155 and c?
31
Let z(c) = 2*c**2 + 163*c - 2129. Let j be z(12). Calculate the highest common divisor of j and 22195.
115
Let k(j) = 8*j**2 - 4*j - 368. Let h be k(8). Calculate the greatest common divisor of 560 and h.
112
Suppose -15*w = 20*w + 2*w - 8695. Let a be (0 + 0 + 1)*73. Suppose -2*l + a = 3*g, -l = 4*l - 3*g - w. Calculate the greatest common factor of 132 and l.
44
Let w = 67 - 35. Suppose 0 = -6*v + v + 10. Let z be 95/v - 13/(-26). Calculate the greatest common divisor of w and z.
16
Suppose -30 - 190 = -5*z. Let k be -8*(420/(-16) + (-5)/20). Let r = -36 + k. Calculate the greatest common divisor of z and r.
44
Suppose 5*y = -5*n + 51785, -225*y + 220*y + 20 = 0. Calculate the highest common divisor of n and 238.
119
Let o = 343 - 344. Let y(w) = 83*w**2 - 29*w - 1. Let i be y(o). What is the greatest common divisor of 37 and i?
37
Let h be 51720/1080 + 1/(-18)*-2. Calculate the highest common divisor of 45 and h.
3
Let m be ((-35)/(-21))/(2/(-6)) + (-12 - -65). Calculate the highest common factor of m and 3192.
24
Let g(d) = -2005*d + 20928. Let m be g(9). What is the greatest common factor of m and 341?
31
Let g(r) = -r**2 + 8*r - 230. Let x be g(0). Let y = x - -386. Calculate the highest common divisor of y and 52.
52
Let j(a) = 18*a**2 - 54*a + 2. Let b be j(3). What is the greatest common factor of 64 and b?
2
Let d be 3116772/126 + (-2 - (-5)/7). What is the greatest common factor of 34 and d?
17
Let i be 5*6/105 + (-165)/(-35). What is the greatest common divisor of 45 and i?
5
Suppose 0 = -2*g - g - 6. Let l = 14 + g. Let u = -840 + 948. What is the highest common factor of u and l?
12
Suppose -4*s + l - 122 = -1002, -5*s = -4*l - 1111. Let k = 951 - 948. What is the greatest common factor of k and s?
3
Let q be 10641/(-39) + 6/(-39) - -6. Let h = q + 334. What is the highest common factor of h and 1340?
67
Let v = 605 + -591. Suppose -t + 20 = 4*t. Suppose 2*l - 3*u - 227 = -6*u, 0 = -2*l - t*u + 228. Calculate the highest common factor of l and v.
14
Let k be 425/(-10)*(-8)/5. Let f(x) be the third derivative of x**4/24 + 7*x**3 - 8*x**2. Let o be f(-25). Calculate the highest common factor of k and o.
17
Suppose 23 = -22*a - 109. Let d be (33/22)/(a/(-20)). Calculate the greatest common divisor of 55 and d.
5
Suppose w = 3*x - 16303, -4*x + 5*w + 16192 = -5527. What is the highest common factor of 60 and x?
12
Suppose s = 4*y + 178, -52*s + 2*y + 504 = -49*s. What is the highest common divisor of s and 747?
83
Suppose 4*b - 3*b = 17. Suppose -44 = -18*p + b*p. Suppose 4*s = 6*s - p. What is the highest common divisor of 154 and s?
22
Suppose 15*v = -53 + 938. What is the highest common divisor of 531 and v?
59
Let b(y) = -3*y**2 + 0*y**2 + 23 + 0*y**2 + 10*y**2 + 14*y. Let n be b(-13). Calculate the greatest common divisor of 64 and n.
64
Let x(a) = -a**3 - 34 - 14*a - 10*a - 19*a**2 + 12*a - 10*a. Let c be x(-18). Calculate the highest common factor of c and 874.
38
Let v = 560 + -263. Let n = v + -235. Calculate the highest common divisor of 31 and n.
31
Suppose 32 - 38 = -6*c. Let t be -7 + 12 - c*(-718)/2. Calculate the greatest common divisor of t and 13.
13
Let h be 420*(6 + 1) + 32/4. Calculate the highest common divisor of h and 44.
44
Suppose -18036 = 10*q - 28*q. Let b = q + -992. Suppose 2*p - 2*y - 20 = 0, 2*p - 7 = 3*y + 13. Calculate the highest common divisor of b and p.
10
Suppose -s = 5*t - 92, -2*t + 52 = 5*s - 316. Let i(n) = 6*n + 178. Let a be i(-21). Let p be a/6 - 1 - 3/(-9). What is the greatest common divisor of p and s?
8
Suppose 92 = 58*y - 1706. What is the greatest common divisor of y and 1891?
31
Let y(p) = 25*p**2 + 864*p + 132. Let b be y(-38). Calculate the highest common factor of b and 1530.
170
Let l be 61152/1170 - 8/30. Suppose 8*q - 3*q - 585 = -3*g, -468 = -4*q + 3*g. What is the greatest common divisor of q and l?
13
Let j(d) = -25*d**3 - 7*d**2 - 15*d + 13. Let h be j(-5). What is the highest common factor of h and 98?
98
Let z(v) = -v**3 + 51*v**2 - 140*v - 16. Let y be z(47). What is the greatest common divisor of 35 and y?
35
Let d be (-92 + 2)*(-2)/3. Let p(g) = 456*g + 6132. Let y be p(-12). What is the greatest common factor of y and d?
60
Let y be (-3)/(-6 + (-430)/(-72)). What is the highest common factor of y and 36?
36
Let p(c) = -c + 17. Let i be p(0). Suppose f = 1, 2*z - 4*f = 7*z - 9. Let x = i - z. Calculate the highest common divisor of 176 and x.
16
Suppose -2*h + 6*h = 2*b - 70, -4*b = 2*h - 130. Suppose 55 = 6*p - p. Calculate the greatest common divisor of p and b.
11
Let f be 28/(-28)*8/(-2). Suppose -65 = -3*w + f. Calculate the highest common divisor of w and 253.
23
Suppose -19*f = 310 - 5934. Let i be 1675/45 - (-2)/(-9). Calculate the greatest common divisor of f and i.
37
Let b(j) = j**3 - 84*j**2 + 572*j - 1. Let s be b(7). Calculate the highest common factor of s and 3542.
46
Suppose -8*y + 4*y + 300 = 0. Let n be (-11)/((-2)/(-3)*(-6)/4). Suppose 0 = n*i - 7*i - 60. What is the highest common factor of i and y?
15
Let p(d) = 5*d**3 - d - 7. Let f(i) = -11*i**3 + 3*i + 15. Let n(b) = -4*f(b) - 9*p(b). Let s be n(-2). Calculate the highest common factor of 884 and s.
17
Let h be (-1 - (-172215)/60) + 3/24*-2. Calculate the greatest common divisor of 604 and h.
151
Let v be 18/(-8) + (8 - (-135)/(-20)). Let m be ((-3)/v)/(8*(-18)/(-3264)). Calculate the greatest common factor of 170 and m.
34
Let t be (0 + 2)*((8 - 15) + 6). Let n be -7 + 13 - 516/t. What is the highest common divisor of 48 and n?
24
Let t(x) = -14*x**3 + x**2 + 8*x - 23. Let h be t(-3). What is the highest common factor of h and 1836?
68
Let p be (-20)/8 + (-1518)/(-4). Let h be 4*((-18)/(-6))/6 + 27. What is the greatest common divisor of h and p?
29
Let h be -66*((44/24 - 3) + 1). Suppose -11*l + 1584 = h*l. What is the highest common factor of 234 and l?
18
Suppose 5*l + 105 = 10*l. Let n = -1233 + 1240. What is the highest common divisor of l and n?
7
Let q = 776 - 2. What is the greatest common factor of q and 215?
43
Let z = -18598 - -19601. Calculate the highest common factor of 17 and z.
17
Suppose 3*c + 208 + 2006 = -3*f, -3*c - 9 = 0. Let x = f - -763. Calculate the greatest common factor of x and 126.
14
Let j be (3/4)/((-37)/(-148)). Suppose -4*y + 59 = j*t, 4*y - 2*y - 2*t = 26. Let f be (-84)/9*(-3)/2. Calculate the highest common factor of y and f.
14
Suppose 0 = 19*k - 12921 + 818. Calculate the highest common divisor of 35 and k.
7
Let p = -353 + 381. Suppose 14*f = 10*f + p. Calculate the greatest common divisor of f and 259.
7
Let x = 96 - 28. Let s = 663628 + -663616. What is the highest common divisor of s and x?
4
Let y be 1/(-3)*0*-1. Suppose y = -2*s, 6*s - s = -2*l + 2. Let b = -37 - -40. What is the greatest common factor of l and b?
1
Suppose 5318 - 838 = 4*t. Suppose 304 = -20*f + 1004. What is the greatest common factor of t and f?
35
Let g(m) = 104*m**2. Let i be g(-1). Let q = -39565 + 39591. Calculate the greatest common divisor of i and q.
26
Suppose 2*r = 3*r - 2, 3*r = g - 14. Calculate the highest common factor of g and 12.
4
Let q = -1691